me number?
True
Suppose 0 = 4*n - 0*s - 2*s - 1178, -n - 2*s = -297. Let d = 1614 - n. Is d a prime number?
True
Let n be (-40)/140 + (-2 - (-44)/7). Suppose r = -2*v + 7*v - 3155, -2524 = -n*v - 3*r. Is v prime?
True
Let n = 67 - 51. Is (8/n)/(1/1318) composite?
False
Suppose 0 = 4*y - 2*y - 36. Let j be 6/y - 496/3. Let g = j + 292. Is g a composite number?
False
Let b(f) = 123*f**2 - 8*f + 16. Is b(7) prime?
True
Suppose 0*v = -4*v - 344. Let a be ((-4)/(-2))/(-2) + -147. Let l = v - a. Is l a prime number?
False
Let z = -21 + 24. Suppose z = q + 3*r, -4*q + 0 - 2 = 5*r. Is (-1)/(q*4/804) prime?
True
Let o(t) = -t**2 + 46*t + 65. Is o(46) a prime number?
False
Let q = -1 + 3. Is 1355/q - (-1)/(-2) prime?
True
Suppose 4*m = -2*i - 76, 2*i + 76 = 2*m + 2*m. Let z = i + 57. Suppose 3*b - 2*b = z. Is b a prime number?
True
Let a be 1 + -3 + -1 + 1. Let g be a/8 - (-5)/4. Is ((-95)/10)/(g/(-14)) composite?
True
Let m be (-12)/9*2*-3. Suppose 4*v = -m, -3*v - 1661 = -5*z - 0*v. Is z prime?
True
Let c(u) = 5*u**2 + 43*u - 33. Is c(-19) a composite number?
True
Let k be ((-2)/6)/(2/(-6)). Suppose 0 = -5*d - 0*d + 5, s = 3*d - k. Suppose -2*n = 4*t - 58, -5*t = -s*n + 6*n - 119. Is n prime?
True
Let m(s) = 3071*s**3 + 2*s**2 + s - 1. Is m(2) a composite number?
True
Let r(g) be the second derivative of 233/6*g**3 - g**2 + 0 - 12*g. Is r(5) a prime number?
True
Suppose -i - 4*k = -43, i + 263 = 6*i - 4*k. Is (28781/i)/(2/6) a prime number?
True
Let p(g) = -531*g - 2. Suppose -2*t - 1 = c - 6, -5*c = -2*t - 25. Suppose 0 = 4*u - c*u - 1. Is p(u) a prime number?
False
Let x(m) = 23*m**3 + 2*m**2 + m + 1. Let p be x(-2). Suppose -28 = -2*j - 2*j + 5*i, 0 = -5*j - 2*i + 2. Is (28/(-21))/(j/p) prime?
False
Suppose -2*o - 22490 = -2*k, -2*k + 33485 = -11*o + 10977. Is k prime?
True
Let o = -1 - -5. Suppose -2*v = -3*f - 16 - 210, -2*f + 452 = o*v. Is v a prime number?
True
Suppose -18*r - 6767 = -2*p - 23*r, -2*p + 6732 = -2*r. Is p a prime number?
True
Is 26926/4 - 4/8 a composite number?
True
Suppose 2*o - 1 = 3. Suppose -o*z - 1793 = -13*z. Is z a composite number?
False
Let z(y) = y**2 - 6*y - 2. Let s be z(6). Let a be (-213)/(-6) + s/4. Suppose -5*j + 23 = o, a = o + 4*j - 3*j. Is o composite?
True
Suppose 42973 = 5039*f - 5032*f. Is f a prime number?
False
Let k(c) = -c**3 - 12*c**2 - 9*c - 13. Let x(b) = 2*b**3 + 24*b**2 + 17*b + 25. Let o(s) = 5*k(s) + 3*x(s). Let l be o(-11). Let g = 228 + l. Is g prime?
True
Let p(v) = v**2 - 6*v. Let f be p(6). Suppose f*x = -2*x + 12. Suppose 7*y - 23 = x*y. Is y prime?
True
Let r = 3929 + 3002. Is r composite?
True
Let c(i) be the first derivative of -3*i**4/2 + i**3 + 3*i**2/2 + 7*i + 20. Is c(-3) a composite number?
True
Let z = 3715 - -5776. Is z a composite number?
False
Let j(p) = -p + 2 + 0 + 14*p**2 + 34*p**2. Let n(s) = -4*s + 215. Let c be n(53). Is j(c) composite?
False
Let l be 5/(4 + (-124)/32). Is 2344/l - 2/(-5) prime?
True
Let m(b) = 49*b + 156. Is m(17) a composite number?
True
Let a(f) be the first derivative of 2*f**3 - 4*f**2 - 11*f + 2. Let r = 452 + -458. Is a(r) a composite number?
True
Suppose -30 = -115*d + 113*d. Is (-78380)/(-50) + 21/d + -2 a prime number?
True
Let p(y) = y**2 - 1 + 11*y + 8*y - 20*y. Let z(j) = -3*j**3 - 13*j**2 + 6*j. Let w(l) = 6*p(l) + z(l). Is w(-5) a prime number?
False
Let l = 100 + -101. Is (-24)/8 + (-2045)/l prime?
False
Suppose -28*i + 26*i - 668 = 0. Let y = i + 707. Is y a composite number?
False
Suppose -2*o + 4 = 5*v, -4*o + 2*v + 0 = -8. Suppose -j = -4*c - 6, 3*j = 5*c + o + 2. Is ((-23)/c)/((-5)/(-230)) a prime number?
False
Is (-28687)/(-9)*(0 - -9) prime?
True
Let s(q) = -81*q**3 - 5*q**2 + 8*q + 7. Is s(-5) prime?
True
Let w(g) = 207*g**2 + 2*g - 2. Let k be w(1). Let f = 102 - k. Let v = -46 - f. Is v a prime number?
True
Let h = -5 + 9. Let s be (-6)/h*-1378*2. Suppose k + s = 7*k. Is k a composite number?
True
Let z be (-1 + 4)/((-6)/(-4)). Suppose -v + z = 2*a, a = 2*v + 8 - 2. Suppose -2*f = a*m - 644, -2*m = 4*f - 7*m - 1243. Is f composite?
False
Suppose 32 = 5*i - 3*k, i - 2*k - 20 = -2*i. Is (-35)/70 - (-4294)/i a composite number?
True
Suppose 5*o + 2*j = -0*j - 363, -4*j + 223 = -3*o. Let l = 334 - o. Is l composite?
True
Let k be (-1 + 3/18)*-6. Suppose t - 39 = k*g, 0*g = 5*t - 4*g - 195. Suppose -3*b + t = d - 7, 4*d - 232 = 4*b. Is d composite?
True
Let r(a) = 5*a + 13. Let u be r(9). Suppose 0 = 3*l - 1555 + u. Is l a prime number?
True
Suppose 2*i - 2*m - 1952 = 8718, -4*i - m = -21330. Is i a composite number?
False
Suppose n - 2*q = 15, 5*n - 18 - 27 = 4*q. Suppose -n*k = -711 - 1534. Is k a composite number?
False
Suppose -14*i - 3*h - 456 = -17*i, 3*h = 5*i - 770. Is i a composite number?
False
Suppose -68 = b - 70. Suppose 5*v - 488 = -3*t, -b*v - 3*t + 92 + 105 = 0. Is v a composite number?
False
Let v(o) = -7*o + 7. Suppose -8 + 24 = 4*r. Suppose i - 12 = r*i. Is v(i) prime?
False
Suppose 7506 = 7*p - 8363. Is p a composite number?
False
Let j = -13 - -14. Let w = j - -10. Suppose -1041 = -w*b + 8*b. Is b prime?
True
Let n(g) = 1 - 2*g**2 - g**3 - 20*g**3 + 2 + 3*g + 0*g. Is n(-2) a prime number?
True
Suppose 21*g + 6675 = 31686. Is g composite?
True
Let j(b) = b**3 + 3*b**2 + 3*b + 5. Let q be j(-2). Is -76*q/(-6) - 4 composite?
True
Let o(p) = -3*p**3 + 3*p**2 - 2*p + 6. Let m be o(-4). Is (m/8)/((-9)/(-36)) a prime number?
True
Let x(y) = y**3 - 11*y**2 - 2*y + 9. Let k be x(7). Let i = 424 + k. Is i a composite number?
False
Let j = -33 + 36. Suppose -i = -j*w - 568, 5*i + 4*w - 649 - 2286 = 0. Is i a composite number?
True
Let b be 2 + 29 - (3 + -2). Is (-9)/6*(-2780)/b composite?
False
Let w be (-532)/(-22) - (-18)/(-99). Suppose -4*i + w + 0 = 0. Is (-873 - i)*(-2)/6 composite?
False
Let o(q) = 7*q - 61. Let k be o(9). Suppose t = -t. Is 63 + k - (-2 + t) prime?
True
Let r = 4 - 12. Let n = r + 10. Suppose 3*a - 2*j - 99 = 0, 5*a + 3*j + n*j = 190. Is a composite?
True
Let n = -72 + 130. Suppose 9*v = 5*v + 108. Let k = n - v. Is k prime?
True
Suppose -507*v + 495*v = -83796. Is v composite?
False
Suppose -5*z = -3*o - 7594, -z = -5*z + 5*o + 6083. Is z prime?
False
Suppose -2*z - 6270 = -g, 3*z - 2 = 4. Is g prime?
False
Let q(g) = -g. Let f be q(-7). Suppose -f*j = -2*j - 20. Suppose -2*l + 2*m + 148 = 0, -j*m - 53 = -3*l + 174. Is l prime?
False
Let l(u) = -u**2 - 3*u + 10. Let t be l(-5). Is 2161/7 + (t - (-14)/49) composite?
True
Suppose 23368 = -23*j + 31*j. Is j a composite number?
True
Suppose 20*s = 25*s + 25. Let k(t) = 18*t**2 + 1. Is k(s) a prime number?
False
Let x = -2951 + 5108. Suppose 305*s - 308*s = -x. Is s prime?
True
Let v(j) = -169*j + 282. Is v(-53) a prime number?
True
Let v = -1207 + 28. Let f be 1/2 + v/18. Let n = 116 + f. Is n composite?
True
Let n be (-2 + 3)/(2/6). Let m(t) = 78 - 3*t**n + 71 + 2*t**3. Is m(0) prime?
True
Let c be 20/16 + (-3)/(-4). Suppose c*p - 517 = -9. Is p composite?
True
Let h = 45 - 3. Let i be 24/h + 555/21. Suppose i = -4*a + 175. Is a prime?
True
Is (-1)/(5 - 416448/83289) composite?
False
Let l be (0 - (-2 + 0))*3/(-2). Let r(b) = -6*b**3 + 3*b + 10. Is r(l) composite?
False
Let t be (1 + -2)/((-2)/892*2). Suppose t = 6*b - 5303. Is b a composite number?
True
Suppose 14*y - 9*y = 460. Suppose -q - a + 745 = -y, -4*a - 8 = 0. Is q composite?
False
Let h(f) = -f**2 + 5*f - 4. Let o be h(3). Let n be 4/o*9/6. Suppose 3*m - 15 = 0, 0 = -4*v + n*m - m + 2522. Is v a composite number?
True
Suppose -4*r + 0 = -5*t + 18, r = -t. Suppose -z = 4*a - 18 - 0, t*a - z = 12. Suppose -h + a*j - 141 = -2*h, -j + 395 = 3*h. Is h a prime number?
True
Suppose -20 = k - 409. Suppose 4*h + w = 7512, -2*w = 4*h - k - 7119. Let j = 2948 - h. Is j composite?
False
Let s = -1660 - -3117. Suppose 0 = 5*z + 2*r - s, 213 + 1260 = 5*z - 2*r. Is z composite?
False
Let a = 88263 - 52112. Is a prime?
True
Suppose -2*r + 3*a - 1386 = -5*r, 0 = -5*r + 3*a + 2350. Is r a composite number?
False
Let w(v) = -132*v - 29. Is w(-5) prime?
True
Is (-1844)/(-36) - (-1 + 11/9) a prime number?
False
Suppose 2*i + 6 = -10. Let q(w) = w**2 + 6*w - 13. Let j be q(i). Suppose 0 = o - 4*y - 35, 0*o = -j*o + 3*y + 96. Is o a composite number?
False
Suppose -14*f + 8661 + 50153 = 0. Is f composite?
Fals